{"id":3195,"date":"2023-04-24T22:03:52","date_gmt":"2023-04-24T22:03:52","guid":{"rendered":"https:\/\/conexosoluciones.net\/inicio\/?page_id=3195"},"modified":"2023-05-26T15:05:00","modified_gmt":"2023-05-26T15:05:00","slug":"belbin-id","status":"publish","type":"page","link":"https:\/\/conexosoluciones.net\/inicio\/belbin-id\/","title":{"rendered":"Belbin ID"},"content":{"rendered":"<p>[vc_row full_width=\u00bbstretch_row\u00bb content_placement=\u00bbbottom\u00bb css_animation=\u00bbnone\u00bb default_id=\u00bbthemesflat_1524558379&#8243; css=\u00bb.vc_custom_1684451898706{padding-top: 200px !important;padding-bottom: 150px !important;background-image: url(https:\/\/conexosoluciones.net\/inicio\/wp-content\/uploads\/2023\/04\/banner-belbinid.jpg?id=3196) !important;background-position: center !important;background-repeat: no-repeat !important;background-size: cover !important;}\u00bb][vc_column width=\u00bb1\/3&#8243;][vc_single_image image=\u00bb3198&#8243; img_size=\u00bb200&#215;167&#8243; alignment=\u00bbcenter\u00bb css=\u00bb.vc_custom_1684452721382{margin-top: 35% !important;}\u00bb][\/vc_column][vc_column width=\u00bb2\/3&#8243;]<div class=\"title-section   vc_custom_1684452739467 left \">\r\n\t\t\r\n\t\t<h2 class=\"title\" style=\"\r\n\t\t\tfont-size: 42px;\r\n\t\t\tfont-weight: 700;\r\n\t\t\tline-height: 42px;\r\n\t\t\tcolor: #ffffff;\r\n\t\t\tmargin-bottom: 2px;\r\n\t\t\tletter-spacing: 0px;\r\n\t\t\">\r\n\t\t\tDescubre tu estilo de trabajo con BELBIN ID\r\n\t\t<\/h2>\t\r\n\t\t\t\t\t\r\n\t\t\r\n\r\n\t<\/div>[\/vc_column][\/vc_row][vc_row full_width=\u00bbstretch_row\u00bb css_animation=\u00bbnone\u00bb default_id=\u00bbthemesflat_1561992943&#8243; css=\u00bb.vc_custom_1680022041168{background-color: #f4f4f4 !important;background-position: center !important;background-repeat: no-repeat !important;background-size: cover !important;}\u00bb][vc_column]\r\n\t\t<div class=\"themesflat-spacer \" data-desktop=\"35\" data-mobile=\"15\" data-smobile=\"15\">\t\t\t\r\n\t\t<\/div>[vc_column_text el_class=\u00bbTextoContenedor\u00bb]<\/p>\n<p style=\"text-align: justify;\"><span style=\"color: #333333;\">Nuestro <b>Taller Belbin ID<\/b> est\u00e1 dise\u00f1ado para ti y todas aquellas personas que quieran sacar el m\u00e1ximo partido al estilo de trabajo propio. Identificar tu perfil de Roles Belbin facilita un mayor autoconocimiento con el que podr\u00e1s mejorar tu rendimiento y la eficacia en la interacci\u00f3n con otras personas dentro de tu entorno laboral.<\/span><\/p>\n<p>[\/vc_column_text]\r\n\t\t<div class=\"themesflat-spacer \" data-desktop=\"35\" data-mobile=\"15\" data-smobile=\"15\">\t\t\t\r\n\t\t<\/div>[\/vc_column][\/vc_row][vc_row full_width=\u00bbstretch_row\u00bb css_animation=\u00bbnone\u00bb default_id=\u00bb\u00bb css=\u00bb.vc_custom_1682376108267{padding-top: 25px !important;padding-bottom: 25px !important;background-position: center !important;background-repeat: no-repeat !important;background-size: cover !important;}\u00bb][vc_column][vc_custom_heading text=\u00bbObtendr\u00e1s los siguientes beneficios:\u00bb font_container=\u00bbtag:h2|text_align:center|color:%23262626&#8243; use_theme_fonts=\u00bbyes\u00bb][\/vc_column][\/vc_row][vc_row full_width=\u00bbstretch_row\u00bb equal_height=\u00bbyes\u00bb content_placement=\u00bbmiddle\u00bb css_animation=\u00bbnone\u00bb default_id=\u00bb\u00bb css=\u00bb.vc_custom_1682376124526{padding-top: 25px !important;padding-bottom: 25px !important;background-position: center !important;background-repeat: no-repeat !important;background-size: cover !important;}\u00bb][vc_column width=\u00bb1\/3&#8243; css=\u00bb.vc_custom_1682375777858{background-color: #98c790 !important;}\u00bb][vc_custom_heading text=\u00bbDisponer por primera vez de tu Informe Individual Belbin.\u00bb font_container=\u00bbtag:h2|text_align:center|color:%23ffffff\u00bb use_theme_fonts=\u00bbyes\u00bb][\/vc_column][vc_column width=\u00bb1\/3&#8243; css=\u00bb.vc_custom_1682374861022{background-color: #008a4c !important;}\u00bb][vc_custom_heading text=\u00bbConocer los fundamentos de la metodolog\u00eda.\u00bb font_container=\u00bbtag:h2|text_align:center|color:%23ffffff\u00bb use_theme_fonts=\u00bbyes\u00bb][\/vc_column][vc_column width=\u00bb1\/3&#8243; css=\u00bb.vc_custom_1682374883676{background-color: #006938 !important;}\u00bb][vc_custom_heading text=\u00bbComprender c\u00f3mo mejorar tu propio desarrollo profesional.\u00bb font_container=\u00bbtag:h2|text_align:center|color:%23ffffff\u00bb use_theme_fonts=\u00bbyes\u00bb][\/vc_column][\/vc_row][vc_row full_width=\u00bbstretch_row\u00bb css_animation=\u00bbnone\u00bb default_id=\u00bbthemesflat_1524558379&#8243; css=\u00bb.vc_custom_1682376144846{padding-top: 35px !important;padding-bottom: 35px !important;background-position: center !important;background-repeat: no-repeat !important;background-size: cover !important;}\u00bb][vc_column width=\u00bb2\/3&#8243;][vc_column_text el_class=\u00bbTextoOscuro\u00bb]<\/p>\n<p style=\"text-align: justify;\">El <strong>Informe Individual Belbin<\/strong> es el recurso fundamental personalizado que te brinda tu perfil de Roles Belbin, el cual consiste en el conjunto de comportamientos que caracterizan tu particular estilo de trabajo. Se presenta con gr\u00e1ficas e indicadores, adem\u00e1s de orientaciones y consejos para tu desarrollo.<\/p>\n<p style=\"text-align: justify;\">Es una <strong>metodolog\u00eda pr\u00e1ctica de origen cient\u00edfico<\/strong> que permite integrar observaciones externas a tu autopercepci\u00f3n, generando un resultado mucho m\u00e1s completo (360\u00b0) y fiel de tus contribuciones en el trabajo.<\/p>\n<p style=\"text-align: justify;\">Todo ello facilita la visi\u00f3n de c\u00f3mo te integras en el entorno laboral y de c\u00f3mo poder <strong>mejorar tu rendimiento y satisfacci\u00f3n.<\/strong><\/p>\n<p>[\/vc_column_text][\/vc_column][vc_column width=\u00bb1\/3&#8243;][vc_single_image image=\u00bb3217&#8243; img_size=\u00bblarge\u00bb alignment=\u00bbcenter\u00bb css=\u00bb.vc_custom_1682376174206{margin-top: 10px !important;margin-bottom: 10px !important;}\u00bb][\/vc_column][\/vc_row][vc_row full_width=\u00bbstretch_row\u00bb css_animation=\u00bbnone\u00bb default_id=\u00bbthemesflat_1524558379&#8243; css=\u00bb.vc_custom_1682375111371{padding-top: 5px !important;padding-bottom: 5px !important;background-position: center !important;background-repeat: no-repeat !important;background-size: cover !important;}\u00bb][vc_column width=\u00bb1\/2&#8243;][vc_single_image image=\u00bb3208&#8243; img_size=\u00bbfull\u00bb alignment=\u00bbcenter\u00bb css=\u00bb.vc_custom_1682374811162{margin-top: 10px !important;margin-bottom: 10px !important;}\u00bb][\/vc_column][vc_column width=\u00bb1\/2&#8243;][vc_custom_heading text=\u00bbCaracter\u00edsticas\u00bb font_container=\u00bbtag:h2|text_align:center|color:%23262626&#8243; use_theme_fonts=\u00bbyes\u00bb]\r\n\t\t<div class=\"themesflat-spacer \" data-desktop=\"25\" data-mobile=\"15\" data-smobile=\"15\">\t\t\t\r\n\t\t<\/div>[vc_column_text el_class=\u00bbTextoOscuro\u00bb]Modalidad: Virtual<\/p>\n<p>Duraci\u00f3n: 3.5 horas (2.5 horas sesi\u00f3n virtual y 1 hora previa online).<\/p>\n<p>Pregunta por nuestros descuentos para grupos y nuestra modalidad presencial.[\/vc_column_text]\r\n\t\t<div class=\"themesflat-spacer \" data-desktop=\"25\" data-mobile=\"15\" data-smobile=\"15\">\t\t\t\r\n\t\t<\/div><div class=\"themesflat_button_container simple_button  text-center\">\r\n\t\t\r\n\t\t<a class=\"themesflat-button have_background \" href=\"https:\/\/conexosoluciones.net\/inicio\/contacto-2\/\" style=\"padding-top:12px;padding-right:32px;padding-bottom:12px;padding-left:33px;background:#d21e2b;color:#ffffff;font-size:18px;font-weight:400;\" data-text_color=\"#ffffff\" data-hover_text_color=\"#ffffff\" data-hover_bg_color=\"#222222\">Quiero saber m\u00e1s <i class=\"\"><\/i><\/a>\r\n\t<\/div>[\/vc_column][\/vc_row][vc_row full_width=\u00bbstretch_row\u00bb css_animation=\u00bbnone\u00bb default_id=\u00bbthemesflat_1524558379&#8243; css=\u00bb.vc_custom_1685113422165{padding-top: 25px !important;padding-bottom: 25px !important;background-position: center !important;background-repeat: no-repeat !important;background-size: cover !important;}\u00bb][vc_column width=\u00bb1\/2&#8243;][vc_custom_heading text=\u00bbContenidos del taller\u00bb font_container=\u00bbtag:h2|text_align:center|color:%23262626&#8243; use_theme_fonts=\u00bbyes\u00bb]\r\n\t\t<div class=\"themesflat-spacer \" data-desktop=\"25\" data-mobile=\"15\" data-smobile=\"15\">\t\t\t\r\n\t\t<\/div>[vc_column_text el_class=\u00bbTextoOscuro\u00bb]<\/p>\n<ul>\n<li>Origen y fundamentos de Belbin<\/li>\n<li>Distinciones b\u00e1sicas de los roles<\/li>\n<li>Complementariedad de los roles<\/li>\n<li>Interpretaci\u00f3n del informe personal<\/li>\n<li>Gesti\u00f3n de tu perfil de roles<\/li>\n<\/ul>\n<p>[\/vc_column_text][\/vc_column][vc_column width=\u00bb1\/2&#8243;][vc_custom_heading text=\u00bbMaterial que recibir\u00e1s en formato digital\u00bb font_container=\u00bbtag:h2|text_align:center|color:%23262626&#8243; use_theme_fonts=\u00bbyes\u00bb]\r\n\t\t<div class=\"themesflat-spacer \" data-desktop=\"25\" data-mobile=\"15\" data-smobile=\"15\">\t\t\t\r\n\t\t<\/div>[vc_column_text el_class=\u00bbTextoOscuro\u00bb]<\/p>\n<ul>\n<li>Tu Informe Individual Belbin. Es un requerimiento para participar en el taller. Se realiza en la fase on-line y lo debes completar entre 2 y 5 d\u00edas antes de la realizaci\u00f3n del evento.<\/li>\n<li>L\u00e1mina: Belbin\u00ae \u201cQu\u00e9 hacer\u201d y \u201cQu\u00e9 no hacer\u201d<\/li>\n<li>Ejercicio de autoestudio<\/li>\n<\/ul>\n<p>[\/vc_column_text][\/vc_column][\/vc_row][vc_row default_id=\u00bbthemesflat_1682379321&#8243; css=\u00bb.vc_custom_1682379341196{margin-top: 20px !important;margin-bottom: 50px !important;}\u00bb][vc_column][vc_row_inner equal_height=\u00bbyes\u00bb content_placement=\u00bbmiddle\u00bb css=\u00bb.vc_custom_1682379184010{padding-top: 32px !important;padding-bottom: 32px !important;background-color: #99c891 !important;border-radius: 3px !important;}\u00bb][vc_column_inner width=\u00bb2\/3&#8243; css=\u00bb.vc_custom_1682379306795{padding-left: 50px !important;}\u00bb][vc_custom_heading text=\u00bb\u00bfQuieres ponerle fecha a tu Belbin ID?\u00bb font_container=\u00bbtag:h2|text_align:left|color:%23ffffff\u00bb use_theme_fonts=\u00bbyes\u00bb el_class=\u00bbTextSombra\u00bb][\/vc_column_inner][vc_column_inner width=\u00bb1\/3&#8243;]<div class=\"themesflat_button_container simple_button  text-center\">\r\n\t\t\r\n\t\t<a class=\"themesflat-button have_background \" href=\"https:\/\/conexosoluciones.net\/inicio\/contacto-2\/\" style=\"padding-top:12px;padding-right:32px;padding-bottom:12px;padding-left:33px;background:#006938;color:#ffffff;font-size:18px;font-weight:400;\" data-text_color=\"#ffffff\" data-hover_text_color=\"#ffffff\" data-hover_bg_color=\"#47685f\">Reserva tu espacio <i class=\"typcn typcn-chevron-right-outline\"><\/i><\/a>\r\n\t<\/div>[\/vc_column_inner][\/vc_row_inner][\/vc_column][\/vc_row]<\/p>\n<!-- AddThis Advanced Settings generic via filter on the_content --><!-- AddThis Share Buttons generic via filter on the_content -->","protected":false},"excerpt":{"rendered":"<p>[vc_row full_width=\u00bbstretch_row\u00bb content_placement=\u00bbbottom\u00bb css_animation=\u00bbnone\u00bb default_id=\u00bbthemesflat_1524558379&#8243; css=\u00bb.vc_custom_1684451898706{padding-top: 200px !important;padding-bottom: 150px !important;background-image: url(https:\/\/conexosoluciones.net\/inicio\/wp-content\/uploads\/2023\/04\/banner-belbinid.jpg?id=3196) !important;background-position: center !important;background-repeat: no-repeat !important;background-size: cover !important;}\u00bb][vc_column width=\u00bb1\/3&#8243;][vc_single_image image=\u00bb3198&#8243; img_size=\u00bb200&#215;167&#8243; alignment=\u00bbcenter\u00bb css=\u00bb.vc_custom_1684452721382{margin-top: 35% !important;}\u00bb][\/vc_column][vc_column width=\u00bb2\/3&#8243;][\/vc_column][\/vc_row][vc_row full_width=\u00bbstretch_row\u00bb css_animation=\u00bbnone\u00bb default_id=\u00bbthemesflat_1561992943&#8243; css=\u00bb.vc_custom_1680022041168{background-color: #f4f4f4 !important;background-position: center !important;background-repeat: no-repeat !important;background-size: cover !important;}\u00bb][vc_column][vc_column_text el_class=\u00bbTextoContenedor\u00bb] Nuestro Taller Belbin ID est\u00e1 dise\u00f1ado para ti y todas aquellas personas que quieran sacar el m\u00e1ximo partido [&hellip;]<!-- AddThis Advanced Settings generic via filter on get_the_excerpt --><!-- AddThis Share Buttons generic via filter on get_the_excerpt --><\/p>\n","protected":false},"author":1,"featured_media":2371,"parent":0,"menu_order":0,"comment_status":"closed","ping_status":"closed","template":"tpl\/front-page.php","meta":{"content-type":""},"yoast_head":"<!-- This site is optimized with the Yoast SEO plugin v15.7 - https:\/\/yoast.com\/wordpress\/plugins\/seo\/ -->\n<title>Belbin ID - Conexo Soluciones<\/title>\n<meta name=\"robots\" content=\"index, follow, max-snippet:-1, max-image-preview:large, max-video-preview:-1\" \/>\n<link rel=\"canonical\" href=\"https:\/\/conexosoluciones.net\/inicio\/belbin-id\/\" \/>\n<meta property=\"og:locale\" content=\"es_ES\" \/>\n<meta property=\"og:type\" content=\"article\" \/>\n<meta property=\"og:title\" content=\"Belbin ID - Conexo Soluciones\" \/>\n<meta property=\"og:description\" content=\"[vc_row full_width=\u00bbstretch_row\u00bb content_placement=\u00bbbottom\u00bb css_animation=\u00bbnone\u00bb default_id=\u00bbthemesflat_1524558379&#8243; css=\u00bb.vc_custom_1684451898706{padding-top: 200px !important;padding-bottom: 150px !important;background-image: url(https:\/\/conexosoluciones.net\/inicio\/wp-content\/uploads\/2023\/04\/banner-belbinid.jpg?id=3196) !important;background-position: center !important;background-repeat: no-repeat !important;background-size: cover !important;}\u00bb][vc_column width=\u00bb1\/3&#8243;][vc_single_image image=\u00bb3198&#8243; img_size=\u00bb200&#215;167&#8243; alignment=\u00bbcenter\u00bb css=\u00bb.vc_custom_1684452721382{margin-top: 35% !important;}\u00bb][\/vc_column][vc_column width=\u00bb2\/3&#8243;][\/vc_column][\/vc_row][vc_row full_width=\u00bbstretch_row\u00bb css_animation=\u00bbnone\u00bb default_id=\u00bbthemesflat_1561992943&#8243; css=\u00bb.vc_custom_1680022041168{background-color: #f4f4f4 !important;background-position: center !important;background-repeat: no-repeat !important;background-size: cover !important;}\u00bb][vc_column][vc_column_text el_class=\u00bbTextoContenedor\u00bb] Nuestro Taller Belbin ID est\u00e1 dise\u00f1ado para ti y todas aquellas personas que quieran sacar el m\u00e1ximo partido [&hellip;]\" \/>\n<meta property=\"og:url\" content=\"https:\/\/conexosoluciones.net\/inicio\/belbin-id\/\" \/>\n<meta property=\"og:site_name\" content=\"Conexo Soluciones\" \/>\n<meta property=\"article:modified_time\" content=\"2023-05-26T15:05:00+00:00\" \/>\n<meta property=\"og:image\" content=\"https:\/\/conexosoluciones.net\/inicio\/wp-content\/uploads\/2019\/06\/banner-3-1.jpg\" \/>\n\t<meta property=\"og:image:width\" content=\"1400\" \/>\n\t<meta property=\"og:image:height\" content=\"750\" \/>\n<meta name=\"twitter:card\" content=\"summary_large_image\" \/>\n<meta name=\"twitter:label1\" content=\"Tiempo de lectura\">\n\t<meta name=\"twitter:data1\" content=\"3 minutos\">\n<script type=\"application\/ld+json\" class=\"yoast-schema-graph\">{\"@context\":\"https:\/\/schema.org\",\"@graph\":[{\"@type\":\"Organization\",\"@id\":\"https:\/\/conexosoluciones.net\/inicio\/#organization\",\"name\":\"Conexo Soluciones\",\"url\":\"https:\/\/conexosoluciones.net\/inicio\/\",\"sameAs\":[],\"logo\":{\"@type\":\"ImageObject\",\"@id\":\"https:\/\/conexosoluciones.net\/inicio\/#logo\",\"inLanguage\":\"es\",\"url\":\"https:\/\/conexosoluciones.net\/inicio\/wp-content\/uploads\/2019\/06\/logo.png\",\"width\":727,\"height\":242,\"caption\":\"Conexo Soluciones\"},\"image\":{\"@id\":\"https:\/\/conexosoluciones.net\/inicio\/#logo\"}},{\"@type\":\"WebSite\",\"@id\":\"https:\/\/conexosoluciones.net\/inicio\/#website\",\"url\":\"https:\/\/conexosoluciones.net\/inicio\/\",\"name\":\"Conexo Soluciones\",\"description\":\"Soluciones Empresariales\",\"publisher\":{\"@id\":\"https:\/\/conexosoluciones.net\/inicio\/#organization\"},\"potentialAction\":[{\"@type\":\"SearchAction\",\"target\":\"https:\/\/conexosoluciones.net\/inicio\/?s={search_term_string}\",\"query-input\":\"required name=search_term_string\"}],\"inLanguage\":\"es\"},{\"@type\":\"ImageObject\",\"@id\":\"https:\/\/conexosoluciones.net\/inicio\/belbin-id\/#primaryimage\",\"inLanguage\":\"es\",\"url\":\"https:\/\/conexosoluciones.net\/inicio\/wp-content\/uploads\/2019\/06\/banner-3-1.jpg\",\"width\":1400,\"height\":750,\"caption\":\"Equipo de trabajo\"},{\"@type\":\"WebPage\",\"@id\":\"https:\/\/conexosoluciones.net\/inicio\/belbin-id\/#webpage\",\"url\":\"https:\/\/conexosoluciones.net\/inicio\/belbin-id\/\",\"name\":\"Belbin ID - Conexo Soluciones\",\"isPartOf\":{\"@id\":\"https:\/\/conexosoluciones.net\/inicio\/#website\"},\"primaryImageOfPage\":{\"@id\":\"https:\/\/conexosoluciones.net\/inicio\/belbin-id\/#primaryimage\"},\"datePublished\":\"2023-04-24T22:03:52+00:00\",\"dateModified\":\"2023-05-26T15:05:00+00:00\",\"inLanguage\":\"es\",\"potentialAction\":[{\"@type\":\"ReadAction\",\"target\":[\"https:\/\/conexosoluciones.net\/inicio\/belbin-id\/\"]}]}]}<\/script>\n<!-- \/ Yoast SEO plugin. -->","_links":{"self":[{"href":"https:\/\/conexosoluciones.net\/inicio\/wp-json\/wp\/v2\/pages\/3195"}],"collection":[{"href":"https:\/\/conexosoluciones.net\/inicio\/wp-json\/wp\/v2\/pages"}],"about":[{"href":"https:\/\/conexosoluciones.net\/inicio\/wp-json\/wp\/v2\/types\/page"}],"author":[{"embeddable":true,"href":"https:\/\/conexosoluciones.net\/inicio\/wp-json\/wp\/v2\/users\/1"}],"replies":[{"embeddable":true,"href":"https:\/\/conexosoluciones.net\/inicio\/wp-json\/wp\/v2\/comments?post=3195"}],"version-history":[{"count":51,"href":"https:\/\/conexosoluciones.net\/inicio\/wp-json\/wp\/v2\/pages\/3195\/revisions"}],"predecessor-version":[{"id":3328,"href":"https:\/\/conexosoluciones.net\/inicio\/wp-json\/wp\/v2\/pages\/3195\/revisions\/3328"}],"wp:featuredmedia":[{"embeddable":true,"href":"https:\/\/conexosoluciones.net\/inicio\/wp-json\/wp\/v2\/media\/2371"}],"wp:attachment":[{"href":"https:\/\/conexosoluciones.net\/inicio\/wp-json\/wp\/v2\/media?parent=3195"}],"curies":[{"name":"wp","href":"https:\/\/api.w.org\/{rel}","templated":true}]}}